{"id":497,"date":"2025-03-25T09:47:38","date_gmt":"2025-03-25T09:47:38","guid":{"rendered":"https:\/\/sonbascos.com\/declaracion-de-accesibilidad\/"},"modified":"2025-03-25T09:47:38","modified_gmt":"2025-03-25T09:47:38","slug":"declaracion-de-accesibilidad","status":"publish","type":"page","link":"https:\/\/sonbascos.com\/es\/declaracion-de-accesibilidad\/","title":{"rendered":"Declaraci\u00f3n de accesibilidad"},"content":{"rendered":"<p>[et_pb_section fb_built=\u00bb1&#8243; admin_label=\u00bbHeader\u00bb _builder_version=\u00bb4.27.4&#8243; _module_preset=\u00bbdefault\u00bb background_image=\u00bbhttps:\/\/sonbascos.com\/wp-content\/uploads\/2025\/03\/Esdeveniments-Son-Basco.png\u00bb custom_padding=\u00bb192px||112px||false|\u00bb bottom_divider_style=\u00bbasymmetric\u00bb bottom_divider_color=\u00bb#f0e1d8&#8243; bottom_divider_height=\u00bb37px\u00bb hover_enabled=\u00bb0&#8243; collapsed=\u00bbon\u00bb global_colors_info=\u00bb{}\u00bb theme_builder_area=\u00bbpost_content\u00bb alt=\u00bbEventos-Son-Basc\u00f3\u00bb title_text=\u00bbEsdeveniments-Son-Basc\u00f3\u00bb sticky_enabled=\u00bb0&#8243;][\/et_pb_section][et_pb_section fb_built=\u00bb1&#8243; theme_builder_area=\u00bbpost_content\u00bb _builder_version=\u00bb4.27.4&#8243; _module_preset=\u00bbdefault\u00bb border_color_bottom=\u00bb#C28865&#8243; border_width_bottom=\u00bb2px\u00bb hover_enabled=\u00bb0&#8243; sticky_enabled=\u00bb0&#8243;][et_pb_row _builder_version=\u00bb4.27.4&#8243; _module_preset=\u00bbdefault\u00bb theme_builder_area=\u00bbpost_content\u00bb][et_pb_column _builder_version=\u00bb4.27.4&#8243; _module_preset=\u00bbdefault\u00bb type=\u00bb4_4&#8243; theme_builder_area=\u00bbpost_content\u00bb][et_pb_text _builder_version=\u00bb4.27.4&#8243; _module_preset=\u00bbdefault\u00bb theme_builder_area=\u00bbpost_content\u00bb header_font=\u00bb&#8211;et_global_heading_font||||||||\u00bb header_text_color=\u00bb#C28865&#8243; header_font_size=\u00bb50px\u00bb hover_enabled=\u00bb0&#8243; sticky_enabled=\u00bb0&#8243;]<\/p>\n<h1>Declaraci\u00f3n de accesibilidad<\/h1>\n<p>[\/et_pb_text][et_pb_text _builder_version=\u00bb4.27.4&#8243; _module_preset=\u00bbdefault\u00bb theme_builder_area=\u00bbpost_content\u00bb text_font=\u00bb&#8211;et_global_body_font||||||||\u00bb hover_enabled=\u00bb0&#8243; sticky_enabled=\u00bb0&#8243; header_2_font=\u00bb&#8211;et_global_body_font||||||||\u00bb header_2_text_color=\u00bb#C28865&#8243; text_line_height=\u00bb2.1em\u00bb header_3_font=\u00bb&#8211;et_global_body_font||||||||\u00bb header_3_text_color=\u00bb#C28865&#8243;]<\/p>\n<p>La entidad <strong>Restaurant Son Basc\u00f3s<\/strong> se ha comprometido a hacer accesible su sitio web de conformidad con el <a href=\"http:\/\/www.boe.es\/diario_boe\/txt.php?id=BOE-A-2018-12699\">Real Decreto 1112\/2018, de 7 de septiembre, sobre accesibilidad de los sitios web y aplicaciones para dispositivos m\u00f3viles del sector p\u00fablico.<\/a><\/p>\n<p>Esta declaraci\u00f3n de accesibilidad se aplica al sitio web <a href=\"https:\/\/sonbascos.com\/es\/\">https:\/\/sonbascos.com\/<\/a><\/p>\n<h2><strong>Situaci\u00f3n de cumplimiento<\/strong><\/h2>\n<p>Este sitio web es<strong> parcialmente conforme<\/strong> con el RD 1112\/2018 debido a las excepciones y a la falta de conformidad de los aspectos que se indican a continuaci\u00f3n.<\/p>\n<h2><strong>Contenido no accesible<\/strong><\/h2>\n<p>El contenido que se indica a continuaci\u00f3n <strong>no es accesible<\/strong> por las siguientes razones:<\/p>\n<ul>\n<li>Falta de conformidad con el RD 1112\/2018<\/li>\n<li>Existen logotipos e im\u00e1genes con texto alternativo incorrecto o confuso, as\u00ed como im\u00e1genes complejas sin descripci\u00f3n textual [requisito 9.1.1.1 Contenido no textual, UNE-EN 301549:2022].<\/li>\n<li>Hay listas mal creadas (sin etiqueta de lista), tablas con celdas mal etiquetadas y etiquetas invisibles en elementos de formularios [requisito 9.1.3.1 Informaci\u00f3n y relaciones].<\/li>\n<li>Hay tablas y campos de formulario que no se adaptan correctamente a pantallas peque\u00f1as [requisito 9.1.4.10 Reajuste del texto].<\/li>\n<li>Existe texto que no se visualiza correctamente al modificar los espacios y la altura de l\u00ednea [requisito 9.1.4.12 Espaciado del texto].<\/li>\n<li>Hay elementos no accesibles mediante teclado (por ejemplo, enlaces a redes sociales, editor de comentarios, controles para ordenar resultados o calendarios) [requisito 9.2.1.1 Teclado].<\/li>\n<li>Algunos elementos no reciben el foco del teclado, por lo que no se puede interactuar con ellos [requisito 9.2.4.3 Orden del foco].<\/li>\n<li>Hay enlaces con funciones poco claras, descripciones inadecuadas o gen\u00e9ricas [requisito 9.2.4.4 Prop\u00f3sito de los enlaces].<\/li>\n<li>Existen encabezados repetidos y\/o poco descriptivos [requisito 9.2.4.6 Encabezados y etiquetas].<\/li>\n<li>Algunos textos, im\u00e1genes, botones o contenidos no est\u00e1n traducidos a otros idiomas [requisito 9.3.1.2 Idioma de las partes].<\/li>\n<li>En algunas p\u00e1ginas se utiliza el mismo icono para diferentes funciones, lo que genera confusi\u00f3n [requisito 9.3.2.4 Identificaci\u00f3n coherente].<\/li>\n<li>Los mensajes de error pueden ser poco descriptivos o no estar agrupados, y carecer de sugerencias de correcci\u00f3n [requisito 9.3.3.1 Identificaci\u00f3n de errores].<\/li>\n<li>En algunos formularios no se indica que ciertos campos son obligatorios ni se ofrece un ejemplo de formato (por ejemplo, DNI) [requisito 9.3.3.2 Etiquetas e instrucciones].<\/li>\n<li>Algunos campos de formularios indican errores, pero no proporcionan sugerencias para corregirlos [requisito 9.3.3.3 Sugerencias ante errores].<\/li>\n<li>Algunas p\u00e1ginas presentan errores de sintaxis (IDs duplicados, etiquetas mal cerradas, etc.) [requisito 9.4.1.1 Procesamiento].<\/li>\n<li>En algunas p\u00e1ginas, los productos de apoyo no pueden leer mensajes de ayuda, estados de acci\u00f3n o atributos de enlace [requisito 9.4.1.2 Nombre, funci\u00f3n, valor].<\/li>\n<li>Podr\u00edan existir errores puntuales de edici\u00f3n.<\/li>\n<li>Carga desproporcionada<br \/>No aplicable.<\/li>\n<\/ul>\n<h2><strong>Contenido fuera del \u00e1mbito de la legislaci\u00f3n aplicable<\/strong><\/h2>\n<p>Podr\u00edan existir archivos ofim\u00e1ticos (PDF u otros formatos) publicados antes del 20 de septiembre de 2018 que no cumplan totalmente los requisitos de accesibilidad, aunque se ha procurado que la mayor\u00eda s\u00ed lo hagan.<\/p>\n<h3><strong>Preparaci\u00f3n de la presente declaraci\u00f3n de accesibilidad<\/strong><\/h3>\n<p>Esta declaraci\u00f3n fue preparada el <strong>26\/09\/2023<\/strong><\/p>\n<p>El m\u00e9todo utilizado ha sido una <strong>autoevaluaci\u00f3n<\/strong> realizada por la propia entidad.<\/p>\n<p>\u00daltima revisi\u00f3n de la declaraci\u00f3n: <strong>27\/09\/2023<\/strong><\/p>\n<h2><strong>Observaciones y datos de contacto<\/strong><\/h2>\n<p>Puedes comunicar incidencias relacionadas con la accesibilidad (art\u00edculo 10.2.a del RD 1112\/2018), como por ejemplo:<\/p>\n<ul>\n<li>Informar sobre un posible incumplimiento del sitio web<\/li>\n<li>Transmitir otras dificultades para acceder al contenido<\/li>\n<li>Formular consultas o sugerencias de mejora sobre la accesibilidad del sitio web<\/li>\n<\/ul>\n<p>A trav\u00e9s del <a href=\"https:\/\/sonbascos.com\/es\/contacto\/\">formulario de contacto.<\/a><\/p>\n<p>Tambi\u00e9n puedes presentar:<\/p>\n<ul>\n<li>Una <strong>queja<\/strong> sobre el cumplimiento de los requisitos del RD 1112\/2018<\/li>\n<li>Una <strong>solicitud de informaci\u00f3n<\/strong> accesible relativa a:<\/li>\n<\/ul>\n<p>o Contenidos excluidos del \u00e1mbito de aplicaci\u00f3n seg\u00fan el art\u00edculo 3.4<\/p>\n<p>o Contenidos exentos de cumplimiento por suponer una carga desproporcionada<\/p>\n<p>La solicitud de informaci\u00f3n accesible debe detallar claramente los hechos, motivos y petici\u00f3n, con el fin de demostrar que se trata de una solicitud razonable y leg\u00edtima.<\/p>\n<h2><strong>Contenido opcional<\/strong><\/h2>\n<p>Este sitio web aplica los requisitos de la norma <strong>UNE-EN 301549:2022<\/strong>, teniendo en cuenta las excepciones del RD 1112\/2018.<br \/>La \u00faltima revisi\u00f3n de accesibilidad se realiz\u00f3 el <strong>27\/09\/2023.<\/strong><\/p>\n<p>El sitio web est\u00e1 optimizado para Internet Explorer 8.0 o superior y las \u00faltimas versiones de Firefox, Safari, Opera y Chrome.<br \/>La resoluci\u00f3n m\u00ednima recomendada es de 1280\u00d71024.<\/p>\n<p>El sitio web tiene dise\u00f1o<strong> responsive,<\/strong> por lo que se adapta a dispositivos m\u00f3viles y tabletas. Est\u00e1 optimizado para las \u00faltimas versiones de Chrome for mobile, Firefox for mobile, Safari mobile, Opera Mini y el navegador nativo de Android. <\/p>\n<p>[\/et_pb_text][\/et_pb_column][\/et_pb_row][\/et_pb_section]<\/p>\n","protected":false},"excerpt":{"rendered":"<p>Declaraci\u00f3n de accesibilidadLa entidad Restaurant Son Basc\u00f3s se ha comprometido a hacer accesible su sitio web de conformidad con el Real Decreto 1112\/2018, de 7 de septiembre, sobre accesibilidad de los sitios web y aplicaciones para dispositivos m\u00f3viles del sector p\u00fablico. Esta declaraci\u00f3n de accesibilidad se aplica al sitio web https:\/\/sonbascos.com\/ Situaci\u00f3n de cumplimiento Este [&hellip;]<\/p>\n","protected":false},"author":1,"featured_media":0,"parent":0,"menu_order":0,"comment_status":"closed","ping_status":"closed","template":"","meta":{"_et_pb_use_builder":"on","_et_pb_old_content":"","_et_gb_content_width":"","om_disable_all_campaigns":false,"_monsterinsights_skip_tracking":false,"_monsterinsights_sitenote_active":false,"_monsterinsights_sitenote_note":"","_monsterinsights_sitenote_category":0,"footnotes":""},"class_list":["post-497","page","type-page","status-publish","hentry"],"aioseo_notices":[],"_links":{"self":[{"href":"https:\/\/sonbascos.com\/es\/wp-json\/wp\/v2\/pages\/497","targetHints":{"allow":["GET"]}}],"collection":[{"href":"https:\/\/sonbascos.com\/es\/wp-json\/wp\/v2\/pages"}],"about":[{"href":"https:\/\/sonbascos.com\/es\/wp-json\/wp\/v2\/types\/page"}],"author":[{"embeddable":true,"href":"https:\/\/sonbascos.com\/es\/wp-json\/wp\/v2\/users\/1"}],"replies":[{"embeddable":true,"href":"https:\/\/sonbascos.com\/es\/wp-json\/wp\/v2\/comments?post=497"}],"version-history":[{"count":0,"href":"https:\/\/sonbascos.com\/es\/wp-json\/wp\/v2\/pages\/497\/revisions"}],"wp:attachment":[{"href":"https:\/\/sonbascos.com\/es\/wp-json\/wp\/v2\/media?parent=497"}],"curies":[{"name":"wp","href":"https:\/\/api.w.org\/{rel}","templated":true}]}}

Declaración de accesibilidad

<p>[et_pb_section fb_built=»1&#8243; admin_label=»Header» _builder_version=»4.27.4&#8243; _module_preset=»default» background_image=»https://sonbascos.com/wp-content/uploads/2025/03/Esdeveniments-Son-Basco.png» custom_padding=»192px||112px||false|» bottom_divider_style=»asymmetric» bottom_divider_color=»#f0e1d8&#8243; bottom_divider_height=»37px» hover_enabled=»0&#8243; collapsed=»on» global_colors_info=»{}» theme_builder_area=»post_content» alt=»Eventos-Son-Bascó» title_text=»Esdeveniments-Son-Bascó» sticky_enabled=»0&#8243;][/et_pb_section][et_pb_section fb_built=»1&#8243; theme_builder_area=»post_content» _builder_version=»4.27.4&#8243; _module_preset=»default» border_color_bottom=»#C28865&#8243; border_width_bottom=»2px» hover_enabled=»0&#8243; sticky_enabled=»0&#8243;][et_pb_row _builder_version=»4.27.4&#8243; _module_preset=»default» theme_builder_area=»post_content»][et_pb_column _builder_version=»4.27.4&#8243; _module_preset=»default» type=»4_4&#8243; theme_builder_area=»post_content»][et_pb_text _builder_version=»4.27.4&#8243; _module_preset=»default» theme_builder_area=»post_content» header_font=»&#8211;et_global_heading_font||||||||» header_text_color=»#C28865&#8243; header_font_size=»50px» hover_enabled=»0&#8243; sticky_enabled=»0&#8243;]</p>
<h1>Declaración de accesibilidad</h1>
<p>[/et_pb_text][et_pb_text _builder_version=»4.27.4&#8243; _module_preset=»default» theme_builder_area=»post_content» text_font=»&#8211;et_global_body_font||||||||» hover_enabled=»0&#8243; sticky_enabled=»0&#8243; header_2_font=»&#8211;et_global_body_font||||||||» header_2_text_color=»#C28865&#8243; text_line_height=»2.1em» header_3_font=»&#8211;et_global_body_font||||||||» header_3_text_color=»#C28865&#8243;]</p>
<p>La entidad <strong>Restaurant Son Bascós</strong> se ha comprometido a hacer accesible su sitio web de conformidad con el <a href="http://www.boe.es/diario_boe/txt.php?id=BOE-A-2018-12699">Real Decreto 1112/2018, de 7 de septiembre, sobre accesibilidad de los sitios web y aplicaciones para dispositivos móviles del sector público.</a></p>
<p>Esta declaración de accesibilidad se aplica al sitio web <a href="https://sonbascos.com/es/">https://sonbascos.com/</a></p>
<h2><strong>Situación de cumplimiento</strong></h2>
<p>Este sitio web es<strong> parcialmente conforme</strong> con el RD 1112/2018 debido a las excepciones y a la falta de conformidad de los aspectos que se indican a continuación.</p>
<h2><strong>Contenido no accesible</strong></h2>
<p>El contenido que se indica a continuación <strong>no es accesible</strong> por las siguientes razones:</p>
<ul>
<li>Falta de conformidad con el RD 1112/2018</li>
<li>Existen logotipos e imágenes con texto alternativo incorrecto o confuso, así como imágenes complejas sin descripción textual [requisito 9.1.1.1 Contenido no textual, UNE-EN 301549:2022].</li>
<li>Hay listas mal creadas (sin etiqueta de lista), tablas con celdas mal etiquetadas y etiquetas invisibles en elementos de formularios [requisito 9.1.3.1 Información y relaciones].</li>
<li>Hay tablas y campos de formulario que no se adaptan correctamente a pantallas pequeñas [requisito 9.1.4.10 Reajuste del texto].</li>
<li>Existe texto que no se visualiza correctamente al modificar los espacios y la altura de línea [requisito 9.1.4.12 Espaciado del texto].</li>
<li>Hay elementos no accesibles mediante teclado (por ejemplo, enlaces a redes sociales, editor de comentarios, controles para ordenar resultados o calendarios) [requisito 9.2.1.1 Teclado].</li>
<li>Algunos elementos no reciben el foco del teclado, por lo que no se puede interactuar con ellos [requisito 9.2.4.3 Orden del foco].</li>
<li>Hay enlaces con funciones poco claras, descripciones inadecuadas o genéricas [requisito 9.2.4.4 Propósito de los enlaces].</li>
<li>Existen encabezados repetidos y/o poco descriptivos [requisito 9.2.4.6 Encabezados y etiquetas].</li>
<li>Algunos textos, imágenes, botones o contenidos no están traducidos a otros idiomas [requisito 9.3.1.2 Idioma de las partes].</li>
<li>En algunas páginas se utiliza el mismo icono para diferentes funciones, lo que genera confusión [requisito 9.3.2.4 Identificación coherente].</li>
<li>Los mensajes de error pueden ser poco descriptivos o no estar agrupados, y carecer de sugerencias de corrección [requisito 9.3.3.1 Identificación de errores].</li>
<li>En algunos formularios no se indica que ciertos campos son obligatorios ni se ofrece un ejemplo de formato (por ejemplo, DNI) [requisito 9.3.3.2 Etiquetas e instrucciones].</li>
<li>Algunos campos de formularios indican errores, pero no proporcionan sugerencias para corregirlos [requisito 9.3.3.3 Sugerencias ante errores].</li>
<li>Algunas páginas presentan errores de sintaxis (IDs duplicados, etiquetas mal cerradas, etc.) [requisito 9.4.1.1 Procesamiento].</li>
<li>En algunas páginas, los productos de apoyo no pueden leer mensajes de ayuda, estados de acción o atributos de enlace [requisito 9.4.1.2 Nombre, función, valor].</li>
<li>Podrían existir errores puntuales de edición.</li>
<li>Carga desproporcionada<br />No aplicable.</li>
</ul>
<h2><strong>Contenido fuera del ámbito de la legislación aplicable</strong></h2>
<p>Podrían existir archivos ofimáticos (PDF u otros formatos) publicados antes del 20 de septiembre de 2018 que no cumplan totalmente los requisitos de accesibilidad, aunque se ha procurado que la mayoría sí lo hagan.</p>
<h3><strong>Preparación de la presente declaración de accesibilidad</strong></h3>
<p>Esta declaración fue preparada el <strong>26/09/2023</strong></p>
<p>El método utilizado ha sido una <strong>autoevaluación</strong> realizada por la propia entidad.</p>
<p>Última revisión de la declaración: <strong>27/09/2023</strong></p>
<h2><strong>Observaciones y datos de contacto</strong></h2>
<p>Puedes comunicar incidencias relacionadas con la accesibilidad (artículo 10.2.a del RD 1112/2018), como por ejemplo:</p>
<ul>
<li>Informar sobre un posible incumplimiento del sitio web</li>
<li>Transmitir otras dificultades para acceder al contenido</li>
<li>Formular consultas o sugerencias de mejora sobre la accesibilidad del sitio web</li>
</ul>
<p>A través del <a href="https://sonbascos.com/es/contacto/">formulario de contacto.</a></p>
<p>También puedes presentar:</p>
<ul>
<li>Una <strong>queja</strong> sobre el cumplimiento de los requisitos del RD 1112/2018</li>
<li>Una <strong>solicitud de información</strong> accesible relativa a:</li>
</ul>
<p>o Contenidos excluidos del ámbito de aplicación según el artículo 3.4</p>
<p>o Contenidos exentos de cumplimiento por suponer una carga desproporcionada</p>
<p>La solicitud de información accesible debe detallar claramente los hechos, motivos y petición, con el fin de demostrar que se trata de una solicitud razonable y legítima.</p>
<h2><strong>Contenido opcional</strong></h2>
<p>Este sitio web aplica los requisitos de la norma <strong>UNE-EN 301549:2022</strong>, teniendo en cuenta las excepciones del RD 1112/2018.<br />La última revisión de accesibilidad se realizó el <strong>27/09/2023.</strong></p>
<p>El sitio web está optimizado para Internet Explorer 8.0 o superior y las últimas versiones de Firefox, Safari, Opera y Chrome.<br />La resolución mínima recomendada es de 1280×1024.</p>
<p>El sitio web tiene diseño<strong> responsive,</strong> por lo que se adapta a dispositivos móviles y tabletas. Está optimizado para las últimas versiones de Chrome for mobile, Firefox for mobile, Safari mobile, Opera Mini y el navegador nativo de Android. </p>
<p>[/et_pb_text][/et_pb_column][/et_pb_row][/et_pb_section]</p>

<p>Declaración de accesibilidadLa entidad Restaurant Son Bascós se ha comprometido a hacer accesible su sitio web de conformidad con el Real Decreto 1112/2018, de 7 de septiembre, sobre accesibilidad de los sitios web y aplicaciones para dispositivos móviles del sector público. Esta declaración de accesibilidad se aplica al sitio web https://sonbascos.com/ Situación de cumplimiento Este [&hellip;]</p>
